-5*m - 2 + w. What are the prime factors of m?
7
Suppose -3*a = 38 - 113. Suppose k - a + 1 = 0. Suppose -68 = -4*c - 2*z, -5*z + z + k = c. List the prime factors of c.
2
Suppose -a = -5*y - 13, -4*a - 1 = 5*y - a. Let m be 340/16 + y/8. Suppose 3*r = m - 9. What are the prime factors of r?
2
Suppose -2*j - 5 - 9 = 0. Let o = j + 11. List the prime factors of o.
2
List the prime factors of ((-19332)/16)/(-9) - 2/8.
2, 67
Suppose 0 = -5*b + 3 + 17. Suppose -b*u + 0*u = -12. Suppose -5*o = y + y - 7, 5*o = -3*y + u. What are the prime factors of o?
3
Let g(k) = k**3 - 2*k**2 + 2. Let i be g(2). Suppose -f = i*f. Suppose -2*s + 10 + 8 = f. List the prime factors of s.
3
Suppose 3*o = 2*o. Suppose o = 4*n - n - 24. List the prime factors of (-3)/(-4) + 50/n.
7
Let o(x) = -2*x**3 - 3*x**2 + 7*x + 5. Let u be o(-4). Suppose z - u = -2*z. List the prime factors of z.
19
Let j(x) = 0*x - 10 - 2*x + x**2 - 2*x. List the prime factors of j(7).
11
Let a(j) = -3*j**3 + j. Let z be a(1). Suppose 0 = -3*s + 68 + 187. What are the prime factors of 1/z - s/(-10)?
2
Let g(t) = t**3 + 12*t**2 + 5*t - 4. Let d be g(-11). Suppose -18 + d = 2*h. What are the prime factors of h?
2, 11
Let j be (-2196)/24 + (-6)/(-4). What are the prime factors of ((-4)/(-10))/((-2)/j)?
2, 3
Let f(p) = 75*p**2 + p. Let l be f(-1). Let w = l + -45. Let c = w + -19. List the prime factors of c.
2, 5
Let s be (-12)/16 - (-358)/8. Suppose -s = -r - 11. What are the prime factors of r?
3, 11
Suppose 0*r = -2*u - 2*r + 4, u = r + 4. Suppose -u*o + 32 = o. What are the prime factors of o?
2
Let r(c) = -c - 1. Let o(z) = -z**2 - 11*z. Let t(x) = o(x) - 6*r(x). Let y be t(-6). Let v = y + 6. What are the prime factors of v?
2, 3
Let y be (-3)/(-3) - -1 - 2. Suppose y = -4*t - q + 3*q + 46, 0 = -3*q - 3. What are the prime factors of t?
11
What are the prime factors of 1240/25 - 3/5?
7
Let r(y) = y**3 - y**2 - y + 2. Let l be r(2). Let t(j) = j**2 - 2*j - 2. Let u be t(l). What are the prime factors of ((-32)/u - 0)*-3?
2
Let r(f) = 2*f + 3. Let l be (8/(-10))/((-10)/75). Let z(g) = g - 2. Let y be z(l). What are the prime factors of r(y)?
11
Let q(f) = -f - 1. Let m be q(-4). Suppose -4*c + s = -19, s = m*c + 6*s + 3. Suppose 0 = 4*o - 2*r - 30, o - 2*r - 10 = -c*r. What are the prime factors of o?
2
Let o = -2 + 5. Suppose y = 1, -2*y = 2*d - 6*y - 6. Suppose -o = l, t + 4*l + 0 = -d. List the prime factors of t.
7
Suppose -y = -4*y + 24. Let s = -7 + y. Suppose s = 4*t - 7. What are the prime factors of t?
2
Let x = 121 - 73. What are the prime factors of x?
2, 3
Let b(j) be the second derivative of -j**5/20 + 3*j**4/4 + 2*j**3 - 6*j**2 + 3*j. What are the prime factors of b(10)?
2
Let t = 2 + -6. Let a(j) = j**3 + 5*j**2. List the prime factors of a(t).
2
Let t(n) = 2*n - 8. Suppose -2*q = 3*q - 30. Let c be t(q). Suppose -c*d + l - 4*l + 67 = 0, 0 = -4*d - 4*l + 72. List the prime factors of d.
13
Suppose -22 = 4*p + 22. Let i = -5 - p. List the prime factors of i.
2, 3
List the prime factors of 190/7 + (-1)/7.
3
Let x(z) = z - 3. Let d be x(8). Suppose d*j - 55 = 125. List the prime factors of j.
2, 3
Let p = -6 + 8. Let n = 31 - 20. Let q = n - p. List the prime factors of q.
3
Let t be (-92)/10 - (-5)/25. Let k(j) = j**3 + 10*j**2 + 8*j - 1. List the prime factors of k(t).
2
Let b = 21 + -17. Suppose -b*a + 9*a - 53 = -3*r, -a = -4*r + 86. List the prime factors of r.
3, 7
Let g(k) be the first derivative of k**3/6 + 7*k**2/2 + k + 1. Let m(o) be the first derivative of g(o). List the prime factors of m(-4).
3
Let q(z) = 124*z**2 - 4*z + 3. What are the prime factors of q(1)?
3, 41
Suppose -2*z = 3*t + 15, -z = 6*t - 3*t + 3. Let u be (z/(-10))/((-3)/(-10)). Suppose 3*s - y - 2 = u, s - 2 = y. List the prime factors of s.
2
Suppose -4*g + 5 = -47. What are the prime factors of g?
13
Suppose -38 = -5*q + 22. List the prime factors of (232/q)/((-4)/(-6)).
29
Let t be (-1 + -3)*(-2)/(-2). Let o(c) = -6*c + 2. Let f be o(t). Let j = 38 - f. What are the prime factors of j?
2, 3
Suppose -4*n = 3*j - 149, 0*n + 3*j = -2*n + 79. List the prime factors of n.
5, 7
Let r(v) = -v - 9. Let i be r(0). Let s(g) = -g**2 - 11*g - 8. What are the prime factors of s(i)?
2, 5
Let h(t) = t**3 + 7*t**2 + 2*t + 4. Let q be h(-5). Suppose 3*k + 1 + 55 = w, 4*w = 2*k + q. Let d = k - -30. What are the prime factors of d?
2, 3
Let a(z) = -z**3 + 4*z**2 - 2. Let p be a(4). Let j be (0 - -12)*p/(-6). Suppose 16 = -j*m + 60. What are the prime factors of m?
11
Suppose -3*v - 7 - 17 = 0. What are the prime factors of (-6)/(-2 - 1) - v?
2, 5
Let d(i) = -8*i + 44. List the prime factors of d(-5).
2, 3, 7
Let m(d) = d**2 - 9*d + 16. Let y be m(5). Let h(b) be the second derivative of -b**3/6 - b**2 + b. What are the prime factors of h(y)?
2
Suppose 4*z - 19 - 9 = 0. List the prime factors of z.
7
Suppose -2*w + 4*j + 44 = 0, -5*j + 3*j - 82 = -4*w. List the prime factors of w.
2, 5
Suppose 0 = -4*r + 2*z + 24, r - 28 = -3*r + z. Suppose o + r = 5*o. Suppose -o*q = -7*q + 35. List the prime factors of q.
7
Let f be -2 + (-1 + 2)*-3. Let h = f - -8. Let b = h + 9. What are the prime factors of b?
2, 3
Suppose -3*x = 4*l - 847, -x - 887 = -4*x + 4*l. What are the prime factors of x?
17
Suppose -2*g + 2*d = -54, 3*d + 112 + 21 = 5*g. Let x = -8 + g. List the prime factors of x.
2, 3
Let j(p) = 32*p - 13. List the prime factors of j(3).
83
Suppose 4*q = 164 + 28. Suppose 2*j = -3*s + 52 - 12, 2*s - 4*j = q. List the prime factors of (4 + 0)*36/s.
3
Suppose 3*m + 0*m = 21. What are the prime factors of m?
7
Let p be 0*(1 + 0) + 2. Let t = 24 + p. Suppose -l - 3*l = -3*y + 21, -5*l = y - t. List the prime factors of y.
11
Suppose -6*x + 2*x - 2*n + 272 = 0, 0 = -x + n + 71. What are the prime factors of x?
3, 23
Suppose 4*o = 6*o + 4*n - 76, -n = 2. List the prime factors of o.
2, 3, 7
Let k(u) = 224*u**3 + u**2 - u + 1. Let z be k(1). Suppose z = 4*o + 69. List the prime factors of o.
3, 13
Suppose -93 = -3*i - 4*w, -4*i - w = -0*w - 124. Let u = i - 14. List the prime factors of u.
17
Let h(u) = 9*u - 3. Let r be h(5). Suppose 0*f + 2*f + r = 0. Let y = f - -34. List the prime factors of y.
13
Suppose -4*y = b, -3*y = -4*y - b. Let m(d) = d**2 + 5. List the prime factors of m(y).
5
Let f(x) = 7*x - 23. What are the prime factors of f(8)?
3, 11
Suppose h - 4*o - 7 = 25, 2*h - 4*o - 56 = 0. Suppose 5*i + 4 = h. What are the prime factors of i?
2
Let n(p) = p**2 - p. Let a be n(2). Suppose 8 - 2 = a*l. Suppose 0*h + 12 = l*h. What are the prime factors of h?
2
Suppose 0 = 2*a - 2*w - 20, 3*a + 0 - 38 = -5*w. Let k = -7 + a. List the prime factors of k.
2
Suppose -3*j + 5 = -2*b, 0*j - 5*b = -j + 6. Suppose -o + j = -5*l + 3*l, 0 = l - 1. What are the prime factors of o?
3
Let w = 9 - 4. Let i(g) = -g + 6. Let p be i(w). What are the prime factors of 34/3 + p/(-3)?
11
Suppose h + 20 = -2*k, 2*k - 5*k + 4*h - 8 = 0. What are the prime factors of (-6)/k + 21/4?
2, 3
Suppose -2*w + 3 - 7 = 0. Suppose -1 = -d + 6. Let n = w + d. What are the prime factors of n?
5
Let g = 99 + -50. What are the prime factors of g?
7
Suppose 0*c - 66 = -2*i + 3*c, -65 = -3*i - 4*c. What are the prime factors of -6*(-3)/(-6) + i?
2, 3
Let x(n) = n**2 - n - 2. Let c(l) = 4*l**2 - l. Let t be c(-1). What are the prime factors of x(t)?
2, 3
Let g be 42 - 0/(-5 + 3). Suppose 14 = z - g. Suppose c - 58 = -4*u, z = 4*u - 0*c + 2*c. List the prime factors of u.
3, 5
Let l(p) = p**2 - 6*p. Let j be 0 + (1 - -14)/3. Suppose j*h - h = 28. List the prime factors of l(h).
7
Let z(j) = -7*j - 19. What are the prime factors of z(-8)?
37
Suppose -5*o + 10 + 5 = 0. Let t = 3 - o. Suppose -2*i + 16 = -t*i. List the prime factors of i.
2
List the prime factors of (0 + -1)/(2/(-74)).
37
Suppose 13*m - 4979 = -0*m. List the prime factors of m.
383
Suppose 3*f = 4*m - 86 - 31, 0 = 5*m - 3*f - 144. Suppose -5*d + m = -53. What are the prime factors of d?
2
Suppose 4*l = -3*u - 15, 0 = 5*l - 4*u + 19 + 23. List the prime factors of (0 + 30)*(-8)/l.
2, 5
Let z be (-74)/(-14) + (-10)/35. Suppose z*p + 5*a - 45 = 0, 0 = 3*a - a + 4. What are the prime factors of p?
11
Let o(p) = 2*p**3 + 4*p**2 - 2*p - 2. Let c = -3 + 5. What are the prime factors of o(c)?
2, 13
Let y